ded by 143.
122
Calculate the remainder when 11766 is divided by 24.
6
Calculate the remainder when 2080 is divided by 189.
1
Calculate the remainder when 443235 is divided by 93.
90
Calculate the remainder when 48347 is divided by 169.
13
What is the remainder when 56960 is divided by 197?
27
Calculate the remainder when 3973 is divided by 1075.
748
What is the remainder when 825 is divided by 156?
45
What is the remainder when 778 is divided by 200?
178
What is the remainder when 23139 is divided by 2326?
2205
Calculate the remainder when 384448 is divided by 275.
273
Calculate the remainder when 28205 is divided by 28146.
59
What is the remainder when 5452207 is divided by 2?
1
What is the remainder when 9549 is divided by 586?
173
What is the remainder when 14848 is divided by 77?
64
What is the remainder when 951442 is divided by 475715?
12
Calculate the remainder when 9574 is divided by 568.
486
What is the remainder when 1000 is divided by 96?
40
What is the remainder when 3986 is divided by 189?
17
Calculate the remainder when 4103 is divided by 192.
71
Calculate the remainder when 1228442 is divided by 19.
16
What is the remainder when 27049 is divided by 66?
55
Calculate the remainder when 189343 is divided by 194.
193
Calculate the remainder when 5988 is divided by 653.
111
Calculate the remainder when 1749329 is divided by 151.
145
What is the remainder when 8702 is divided by 4253?
196
Calculate the remainder when 3369 is divided by 1070.
159
What is the remainder when 16146 is divided by 15?
6
What is the remainder when 38106 is divided by 12694?
24
Calculate the remainder when 144059 is divided by 10289.
13
Calculate the remainder when 63913 is divided by 21303.
4
What is the remainder when 13889 is divided by 259?
162
Calculate the remainder when 5689649 is divided by 2742.
2741
What is the remainder when 15488 is divided by 2869?
1143
Calculate the remainder when 3754 is divided by 1871.
12
What is the remainder when 15133 is divided by 109?
91
What is the remainder when 4443 is divided by 250?
193
What is the remainder when 38841 is divided by 297?
231
Calculate the remainder when 608166 is divided by 111.
108
What is the remainder when 277434 is divided by 14?
10
What is the remainder when 197639 is divided by 45?
44
What is the remainder when 8425 is divided by 679?
277
Calculate the remainder when 14783 is divided by 863.
112
Calculate the remainder when 164192 is divided by 271.
237
What is the remainder when 217078 is divided by 72356?
10
Calculate the remainder when 49844 is divided by 7.
4
What is the remainder when 1657 is divided by 154?
117
Calculate the remainder when 170 is divided by 63.
44
Calculate the remainder when 811 is divided by 297.
217
Calculate the remainder when 1082585 is divided by 716.
709
Calculate the remainder when 96864 is divided by 21.
12
What is the remainder when 29777 is divided by 44?
33
What is the remainder when 49102 is divided by 2340?
2302
Calculate the remainder when 3233 is divided by 471.
407
Calculate the remainder when 4875 is divided by 4287.
588
What is the remainder when 890994 is divided by 15?
9
Calculate the remainder when 4145 is divided by 4136.
9
What is the remainder when 301005 is divided by 54?
9
What is the remainder when 61 is divided by 39?
22
What is the remainder when 3287 is divided by 8?
7
What is the remainder when 102561 is divided by 6032?
17
Calculate the remainder when 185632 is divided by 6.
4
Calculate the remainder when 125441 is divided by 865.
16
What is the remainder when 2258148 is divided by 95?
93
What is the remainder when 6015 is divided by 490?
135
What is the remainder when 2542 is divided by 425?
417
What is the remainder when 44705 is divided by 1277?
10
Calculate the remainder when 1061905 is divided by 212.
209
Calculate the remainder when 1904 is divided by 628.
20
Calculate the remainder when 375 is divided by 68.
35
What is the remainder when 17485 is divided by 1576?
149
Calculate the remainder when 1629 is divided by 775.
79
What is the remainder when 108498 is divided by 22?
16
What is the remainder when 793 is divided by 12?
1
Calculate the remainder when 261209 is divided by 19.
16
What is the remainder when 1719 is divided by 372?
231
What is the remainder when 39555 is divided by 517?
263
What is the remainder when 48906 is divided by 19?
0
Calculate the remainder when 7280 is divided by 2162.
794
What is the remainder when 3952 is divided by 65?
52
What is the remainder when 14236 is divided by 714?
670
What is the remainder when 5861 is divided by 33?
20
What is the remainder when 15552 is divided by 23?
4
What is the remainder when 9128 is divided by 812?
196
What is the remainder when 4517 is divided by 1133?
1118
Calculate the remainder when 23692 is divided by 911.
6
What is the remainder when 39297 is divided by 75?
72
What is the remainder when 113664 is divided by 52?
44
What is the remainder when 3477 is divided by 978?
543
What is the remainder when 3673 is divided by 32?
25
Calculate the remainder when 194921 is divided by 97459.
3
Calculate the remainder when 276105 is divided by 28.
25
Calculate the remainder when 20672 is divided by 20666.
6
What is the remainder when 4708 is divided by 783?
10
What is the remainder when 3850487 is divided by 36?
35
Calculate the remainder when 28785 is divided by 7194.
9
What is the remainder when 243153 is divided by 12?
9
Calculate the remainder when 745442 is divided by 182.
152
What is the remainder when 21531 is divided by 1261?
94
What is the remainder when 44577 is divided by 60?
57
Calculate the remainder when 1344 is divided by 249.
99
Calculate the remainder when 84773 is divided by 1211.
3
Calculate the remainder when 32984 is divided by 15.
14
What is the remainder when 2956 is divided by 2135?
821
Calculate the remainder when 92116 is divided by 1196.
24
What is the remainder when 154994 is divided by 2?
0
What is the remainder when 4940 is divided by 4207?
733
What is the remainder when 75269 is divided by 306?
299
What is the remainder when 7368595 is divided by 119?
115
What is the remainder when 8844847 is divided by 74?
71
What is the remainder when 911698 is divided by 18?
16
What is the remainder when 9534 is divided by 20?
14
What is the remainder when 12862 is divided by 48?
46
What is the remainder when 38933 is divided by 19465?
3
Calculate the remainder when 7569 is divided by 587.
525
Calculate the remainder when 21546 is divided by 1795.
6
What is the remainder when 3218 is divided by 653?
606
What is the remainder when 15060 is divided by 34?
32
Calculate the remainder when 16478 is divided by 82.
78
Calculate the remainder when 2543 is divided by 255.
248
Calculate the remainder when 113276 is divided by 508.
500
What is the remainder when 5224 is divided by 870?
4
Calculate the remainder when 37985 is divided by 128.
97
Calculate the remainder when 3426 is divided by 242.
38
Calculate the remainder when 233626 is divided by 67.
64
Calculate the remainder when 8998 is divided by 24.
22
What is the remainder when 561357 is divided by 60?
57
What is the remainder when 44445 is divided by 350?
345
What is the remainder when 4803 is divided by 341?
29
What is the remainder when 3261 is divided by 38?
31
Calculate the remainder when 2384509 is divided by 5.
4
Calculate the remainder when 101633 is divided by 440.
433
Calculate the remainder when 20077 is divided by 203.
183
Calculate the remainder when 125292 is divided by 13.
11
Calculate the remainder when 11640 is divided by 11630.
10
Calculate the remainder when 42245 is divided by 919.
890
What is the remainder when 204 is divided by 154?
50
What is the remainder when 864562 is divided by 33?
28
What is the remainder when 6268 is divided by 1038?
40
What is the remainder when 47299 is divided by 43?
42
What is the remainder when 7974 is divided by 7813?
161
Calculate the remainder when 21372 is divided by 15.
12
What is the remainder when 508991 is divided by 4277?
28
Calculate the remainder when 55723 is divided by 144.
139
What is the remainder when 97435 is divided by 336?
331
Calculate the remainder when 656 is divided by 386.
270
What is the remainder when 4973 is divided by 975?
98
What is 